of 1417690?
9
What is the units digit of 6864432?
2
What is the units digit of 199377?
7
What is the hundred thousands digit of 904423?
9
What is the hundreds digit of 9953802?
8
What is the hundreds digit of 446475?
4
What is the hundred thousands digit of 3900468?
9
What is the thousands digit of 501403?
1
What is the tens digit of 3780883?
8
What is the tens digit of 2498004?
0
What is the hundred thousands digit of 192575?
1
What is the hundreds digit of 1981482?
4
What is the ten thousands digit of 529704?
2
What is the millions digit of 1557945?
1
What is the units digit of 986241?
1
What is the tens digit of 208699?
9
What is the thousands digit of 409396?
9
What is the units digit of 12556568?
8
What is the ten thousands digit of 79077?
7
What is the hundred thousands digit of 471868?
4
What is the thousands digit of 22543033?
3
What is the units digit of 163753?
3
What is the ten thousands digit of 20950?
2
What is the thousands digit of 3266327?
6
What is the ten thousands digit of 239122?
3
What is the units digit of 218303?
3
What is the tens digit of 298658?
5
What is the units digit of 1428867?
7
What is the thousands digit of 6506523?
6
What is the millions digit of 6448626?
6
What is the hundred thousands digit of 284763?
2
What is the hundreds digit of 538530?
5
What is the tens digit of 88166?
6
What is the ten thousands digit of 41280?
4
What is the units digit of 161112?
2
What is the hundred thousands digit of 5007245?
0
What is the millions digit of 33416717?
3
What is the tens digit of 830341?
4
What is the hundred thousands digit of 121402?
1
What is the tens digit of 302978?
7
What is the hundreds digit of 2036866?
8
What is the millions digit of 1076743?
1
What is the tens digit of 482640?
4
What is the ten thousands digit of 255699?
5
What is the tens digit of 7894232?
3
What is the thousands digit of 5816272?
6
What is the tens digit of 1345336?
3
What is the ten thousands digit of 2082264?
8
What is the thousands digit of 313035?
3
What is the tens digit of 15090756?
5
What is the tens digit of 431635?
3
What is the units digit of 62634?
4
What is the units digit of 436928?
8
What is the hundreds digit of 38501869?
8
What is the hundreds digit of 737020?
0
What is the units digit of 267157?
7
What is the thousands digit of 11364066?
4
What is the thousands digit of 4165487?
5
What is the units digit of 44521?
1
What is the hundreds digit of 215474?
4
What is the hundred thousands digit of 1433764?
4
What is the tens digit of 20046215?
1
What is the hundred thousands digit of 501495?
5
What is the hundreds digit of 1615012?
0
What is the tens digit of 1504813?
1
What is the thousands digit of 7062943?
2
What is the hundreds digit of 152686?
6
What is the tens digit of 112913?
1
What is the thousands digit of 17857309?
7
What is the units digit of 256647?
7
What is the thousands digit of 141403?
1
What is the thousands digit of 10565467?
5
What is the ten thousands digit of 2302342?
0
What is the ten thousands digit of 14375192?
7
What is the hundreds digit of 670942?
9
What is the units digit of 274949?
9
What is the millions digit of 1080872?
1
What is the hundreds digit of 216062?
0
What is the tens digit of 3273364?
6
What is the hundreds digit of 317654?
6
What is the hundred thousands digit of 3515585?
5
What is the millions digit of 2697041?
2
What is the hundreds digit of 11187142?
1
What is the units digit of 224270?
0
What is the tens digit of 8969641?
4
What is the units digit of 811562?
2
What is the tens digit of 5355?
5
What is the ten thousands digit of 3610621?
1
What is the hundreds digit of 691869?
8
What is the ten thousands digit of 3850740?
5
What is the tens digit of 8073228?
2
What is the ten thousands digit of 5102982?
0
What is the hundreds digit of 11223?
2
What is the millions digit of 7490720?
7
What is the ten thousands digit of 2104688?
0
What is the hundred thousands digit of 2439549?
4
What is the units digit of 1085522?
2
What is the units digit of 6950176?
6
What is the hundreds digit of 5277623?
6
What is the thousands digit of 4643484?
3
What is the hundred thousands digit of 1699466?
6
What is the hundred thousands digit of 255726?
2
What is the hundred thousands digit of 262817?
2
What is the ten thousands digit of 1891874?
9
What is the thousands digit of 1727878?
7
What is the hundreds digit of 10286037?
0
What is the millions digit of 6865071?
6
What is the units digit of 9645959?
9
What is the tens digit of 1043199?
9
What is the units digit of 22633371?
1
What is the ten thousands digit of 7597265?
9
What is the units digit of 491745?
5
What is the millions digit of 7474967?
7
What is the thousands digit of 224513?
4
What is the tens digit of 5663248?
4
What is the hundred thousands digit of 222409?
2
What is the hundreds digit of 166950?
9
What is the ten millions digit of 18553728?
1
What is the thousands digit of 576032?
6
What is the units digit of 76739?
9
What is the millions digit of 8773605?
8
What is the units digit of 207890?
0
What is the ten thousands digit of 39296?
3
What is the hundred thousands digit of 1446621?
4
What is the thousands digit of 699554?
9
What is the tens digit of 2661567?
6
What is the thousands digit of 969226?
9
What is the ten thousands digit of 16143?
1
What is the tens digit of 1025307?
0
What is the units digit of 220997?
7
What is the hundreds digit of 176738?
7
What is the tens digit of 290876?
7
What is the tens digit of 3716236?
3
What is the ten thousands digit of 5914276?
1
What is the hundreds digit of 293582?
5
What is the tens digit of 118369?
6
What is the millions digit of 1199604?
1
What is the hundreds digit of 476566?
5
What is the tens digit of 16068137?
3
What is the tens digit of 410969?
6
What is the tens digit of 239363?
6
What is the hundred thousands digit of 682000?
6
What is the units digit of 1176830?
0
What is the tens digit of 8961056?
5
What is the hundred thousands digit of 1245741?
2
What is the tens digit of 132245?
4
What is the ten thousands digit of 38695094?
9
What is the ten thousands digit of 4931436?
3
What is the millions digit of 3965540?
3
What is the ten thousands digit of 4799388?
9
What is the ten thousands digit of 865077?
6
What is the tens digit of 8076771?
7
What is the hundreds digit of 16550?
5
What is the ten thousands digit of 9691229?
9
What is the thousands digit of 548984?
8
What is the hundreds digit of 903275?
2
What is the millions digit of 10662153?
0
What is the hundred thousands digit of 3913491?
9
What is the units digit of 288706?
6
What is the thousands digit of 3983647?
3
What is the ten thousands digit of 520509?
2
What is the tens digit of 66051?
5
What is the ten thousands digit of 50989?
5
What is the tens digit of 4280610?
1
What is the millions digit of 26928622?
6
What is the hundred thousands digit of 131064?
1
What is the millions digit of 4957784?
4
What is the millions digit of 8057682?
8
What is the ten millions digit of 15117195?
1
What is the ten thousands digit of 5069056?
6
What is the thousands digit of 20777693?
7
What is the millions digit of 1530372?
1
What is the hundred thousands digit of 141291?
1
What is the thousands digit of 206089?
6
What is the thousands digit of 862118?
2
What is the units digit of 230528?
8
What is the ten thousands digit of 288951?
8
What is the tens digit of 5878571?
7
What is the units digit of 1120894?
4
What is the ten thousands digit of 1657720?
5
What is the hundreds digit of 10660849?
8
What is the tens digit of 749365?
6
What is the millions digit of 2001708?
2
What is the thousands digit of 1766638?
6
What is the tens digit of 2687602?
0
What is the hundreds digit of 644465?
4
What is the units digit of 8935837?
7
What is the units digit of 1050829?
9
What is the hundreds digit of 2149366?
3
What is the units digit of 917236?
6
What is the thousands digit of 6130784?
0
What is the hundreds digit of 692397?
3
What is the hundred thousands digit of 309837?
3
What is the hundred thousands digit of 294641?
2
What is the thousands digit of 460495?
0
What is the units digit of 702493?
3
What is the hundred thousands digit of 6669234?
6
What is the thousands digit of 239351?
9
What is the millions digit of 2089249?
2
Wh